se 14?
-34d34
Convert -452301031 (base 6) to base 10.
-8235019
Convert 1422440 (base 6) to base 7.
455004
Convert -2b006 (base 15) to base 16.
-21c8d
79393a (base 15) to base 12
1b2aaa7
10541342 (base 6) to base 14
862bc
Convert bc16 (base 13) to base 15.
7b79
What is -5236315 (base 7) in base 4?
-2122013233
344114342 (base 5) to base 13
4240aa
Convert 1521361 (base 7) to base 15.
41514
767351 (base 10) to base 12
31009b
What is -1062620 (base 7) in base 3?
-20202111202
What is -19134a (base 15) in base 2?
-100101001101000110000
What is -3003344044 (base 5) in base 7?
-101210352
-111101101100010010 (base 2) to base 16
-3db12
-1000001100001001011000 (base 2) to base 9
-4031888
Convert 4240012113 (base 5) to base 15.
bae258
Convert 8ab93 (base 12) to base 8.
551037
What is 10775 (base 12) in base 15?
6708
What is 202210120002 (base 3) in base 6?
12435132
-1224214 (base 9) to base 4
-2202202120
11411444 (base 5) to base 2
11010001001110100
110000001000100011110 (base 2) to base 6
53450022
Convert -1110020322 (base 4) to base 15.
-6c1a9
Convert -489e3 (base 16) to base 7.
-2346116
Convert -4230146 (base 7) to base 2.
-1111100111000001000
21000020121 (base 3) to base 11
94718
Convert -6351777 (base 11) to base 10.
-11187986
10202101020 (base 3) to base 13
27840
What is 3cb3a (base 16) in base 15?
4da09
-1211421 (base 6) to base 15
-13dd7
What is 4056697 (base 12) in base 11?
6897094
What is 604519 (base 11) in base 6?
32501103
What is -1121030311 (base 5) in base 6?
-125543245
1011010110100001 (base 2) to base 11
31a30
111000022121 (base 3) to base 16
3e86f
-141997 (base 13) to base 16
-777a3
What is 1026147 (base 11) in base 6?
102435001
Convert 202210220221011 (base 3) to base 5.
10312412323
Convert 11000100101111001110 (base 2) to base 3.
1111221101212
-1c385 (base 16) to base 5
-12144324
What is -3429627 (base 10) in base 5?
-1334222002
Convert b292ab (base 12) to base 15.
3a3065
What is 10001000010100001 (base 2) in base 15?
15a2d
What is -32c23b (base 15) in base 8?
-11167235
What is 95aec (base 16) in base 7?
5132315
476ba9 (base 13) to base 6
100235355
10514252 (base 9) to base 16
4da29c
101100111011110001010100 (base 2) to base 8
54736124
What is -101100011110010010110010 (base 2) in base 15?
-105452d
-101110002022121 (base 3) to base 11
-3152582
-612334 (base 10) to base 11
-389068
Convert 1322332313 (base 4) to base 11.
314511
-678ab6 (base 16) to base 14
-c88d02
What is -1467015 (base 8) in base 11?
-268661
Convert -11110100100010 (base 2) to base 10.
-15650
What is 12100012220 (base 4) in base 16?
1901a8
What is -246041 (base 7) in base 5?
-2422210
What is 121121222 (base 3) in base 11?
9120
What is 57447 (base 12) in base 9?
186611
Convert -22bcd9 (base 16) to base 6.
-120443401
Convert 195ec (base 16) to base 13.
383b7
What is 1302032022 (base 5) in base 6?
151410055
What is 20902 (base 15) in base 4?
121031231
What is -12745d (base 16) in base 12?
-4a3aa5
b92bbe (base 15) to base 5
4224140104
157bb (base 13) to base 9
62065
What is -2265003 (base 7) in base 2?
-1000101100101101100
Convert 7524812 (base 9) to base 14.
76d581
-2056ba (base 14) to base 16
-10a494
What is -110220112222 (base 3) in base 2?
-111110000010010000
What is 10923 (base 11) in base 16?
3d8b
Convert -1361025 (base 9) to base 5.
-142424311
Convert 163166 (base 9) to base 16.
18987
What is -5034433 (base 7) in base 4?
-2101300300
703044 (base 8) to base 6
4541112
What is -16394a (base 12) in base 13?
-103b34
Convert -101000000110111000111000 (base 2) to base 11.
-5a31340
-4000230240 (base 5) to base 16
-775597
Convert -310700 (base 8) to base 12.
-4b628
-413204314 (base 5) to base 12
-698626
Convert -381ad8 (base 14) to base 12.
-78a4a6
What is 382941 (base 10) in base 5?
44223231
-50541504 (base 6) to base 14
-298412
What is 56a66e (base 16) in base 2?
10101101010011001101110
Convert 122022212200101 (base 3) to base 12.
31014b4
Convert 52311b (base 12) to base 9.
2376805
What is -94493 (base 10) in base 4?
-113010131
5e057b (base 16) to base 4
113200111323
Convert -13527104 (base 9) to base 3.
-110120221010011
-446922 (base 11) to base 5
-140234432
18753 (base 9) to base 6
140120
Convert 12121012221101 (base 3) to base 10.
2976463
Convert -108256 (base 10) to base 4.
-122123200
Convert 1001221321 (base 4) to base 5.
32101141
What is 67cc0d (base 14) in base 4?
31132012031
Convert 30342020 (base 5) to base 8.
741356
Convert -1808649 (base 13) to base 8.
-35641174
What is 284b (base 16) in base 10?
10315
-913208 (base 11) to base 3
-2202121012002
92ac1 (base 14) to base 16
56451
Convert 64511 (base 10) to base 15.
141ab
369153 (base 10) to base 9
622340
Convert 222215163 (base 7) to base 16.
cd3a52
Convert -10020101200101 (base 3) to base 14.
-32ac7d
Convert -8872385 (base 9) to base 10.
-4771625
What is -3cb90 (base 14) in base 8?
-445672
What is -35342112 (base 7) in base 6?
-150510443
Convert -267a333 (base 11) to base 2.
-10001101001010011011000
What is -75456 (base 10) in base 7?
-432663
What is -21876113 (base 9) in base 2?
-101000100000110100000101
Convert 22000010132 (base 4) to base 3.
11221012022222
Convert 36206226 (base 7) to base 6.
152503453
Convert 139423 (base 11) to base 7.
1564000
Convert 37690 (base 16) to base 4.
313122100
Convert -13357 (base 9) to base 8.
-21523
Convert 35d3a (base 14) to base 4.
200013300
729495 (base 10) to base 13
1c7070
-50435114 (base 6) to base 7
-15130000
1442854 (base 9) to base 7
6523543
What is -10122011220222 (base 3) in base 10?
-1932524
-565226 (base 9) to base 7
-2606466
Convert -40067 (base 11) to base 8.
-162415
Convert -110003003 (base 6) to base 8.
-7364413
What is 10000101001001010 (base 2) in base 8?
205112
Convert -11445702 (base 8) to base 13.
-69b488
Convert 1452261 (base 8) to base 6.
12520453
What is 5d15ad (base 14) in base 15?
430d70
What is -7b423 (base 14) in base 4?
-1021032013
What is 21100211001 (base 3) in base 10?
144937
12030442 (base 5) to base 10
111372
What is 3c7402 (base 15) in base 10?
2910152
Convert 1213002211 (base 4) to base 15.
850bd
Convert -d0c914 (base 15) to base 6.
-552300031
Convert -263537 (base 12) to base 6.
-21243311
2a4123 (base 16) to base 14
521271
Convert -445186 (base 9) to base 16.
-41004
What is 300220303300 (base 4) in base 6?
1133140024
1aeaa (base 15) to base 4
111122011
What is 2852712 (base 13) in base 2?
110000101110010000000111
-115220100 (base 7) to base 9
-14516166
1302212321 (base 4) to base 6
14021145
-13c884 (base 15) to base 7
-11051251
-13716316 (base 9) to base 3
-110210120100120
What is 1030012322 (base 4) in base 13?
abb7b
What is 453530524 (base 6) in base 4?
133222220110
Convert 10001111000000111 (base 2) to base 14.
1c983
What is -33302103211 (base 4) in base 2?
-1111110010010011100101
Convert 20882 (base 12) to base 7.
235361
What is -34200143 (base 5) in base 11?
-197862
What is -2200010021110 (base 3) in base 16?
-15a92c
1001100100000011111 (base 2) to base 8
1144037
Convert -68204 (base 14) to base 5.
-31042334
1741d9a (base 14) to base 2
101011101100001111010100
2827346 (base 10) to base 12
b44242
What is -1027626 (base 8) in base 9?
-457266
1690751 (base 11) to base 15
3ba7e4
Convert 10110002020 (base 3) to base 16.
10911
What is -513404 (base 8) in base 13?
-5c344
8852757 (base 9) to base 7
55310026
-eef631 (base 16) to base 7
-250053464
-3776021 (base 8) to base 3
-1222012222212
Convert 73387a8 (base 11) to base 10.
12939616
What is -322123333333 (base 4) in base 16?
-e9bfff
Convert -3887611 (base 9) to base 8.
-10066002
Convert -cb977b (base 13) to base 16.
-4919d9
What is 257373 (base 15) in base 11?
1017635
Convert -4506050 (base 10) to base 3.
-22110221010202
Convert -30303103212 (base 4) to base 8.
-14632346
What is -11410 (base 15) in base 14?
-16027
What is 3536114 (base 7) in base 12?
19633b
-1b58e (base 15) to base 4
-111232301
What is 15c4cb (base 15) in base 14?
1d6203
What is -c59110 (base 15) in base 8?
-43660020
-112102012111 (base 3) to base 15
-59104
What is -681a11 (base 11) in base 14?
-203aa7
What is 2610405 (base 7) in base 5?
41314432
-2511131 (base 7) to base 4
-1032221210
-1b294 (base 16) to base 10
-111252
What is fcec0 (base 16) in base 9?
1848065
1152550 (base 9) to base 13
18b757
What is -82da8 (base 16) in